 o(i) = -38*i**3 - 3*i**2 + 6*i + 20. Determine o(-2).
300
Let z(v) = v**2 + 17*v - 252. Calculate z(-29).
96
Let c(l) = -118*l**2 - 13*l + 6. What is c(3)?
-1095
Let d(i) = -i**3 + 32*i**2 - 49*i + 578. What is d(31)?
20
Let w(q) = -q**2 + 77*q - 1342. Give w(50).
8
Let k(z) = -4*z**3 + 5*z**2 + 3*z - 2. Determine k(3).
-56
Let f(q) = -q + 61. What is f(52)?
9
Let h(d) = 128*d + 105. What is h(-1)?
-23
Let o(q) = -63*q - 1201. Give o(-19).
-4
Let j(t) = -14*t + 514. Determine j(32).
66
Let g(o) = -11*o**2 - 25*o + 72. Determine g(-4).
-4
Let l(j) = 7*j**3 - 3*j**2 - 9*j + 4. Give l(-2).
-46
Let v(q) = q**3 - 17*q**2 - 153*q + 222. Calculate v(23).
-123
Let p(s) = -11*s - 104. What is p(-8)?
-16
Let b(a) = -569*a**2 + 2278*a - 4. Give b(4).
4
Let x(i) = -i**3 - 44*i**2 - 260*i - 62. Give x(-37).
-25
Let d(i) = -2*i**3 + 39*i**2 + 64*i - 15. Determine d(21).
6
Let x(n) = n**2 + 11513*n - 46059. Determine x(4).
9
Let r(i) = 4*i**2 - 49*i - 34. Give r(13).
5
Let w(x) = -102*x + 24697. Give w(242).
13
Let o(j) = 86*j**2 + 510*j - 22. What is o(-6)?
14
Let g(y) = -6*y - 387. What is g(-66)?
9
Let q(l) = 11*l - 189. What is q(29)?
130
Let u(s) = s**3 - 18*s**2 - 170*s + 2250. Give u(21).
3
Let s(g) = g**2 - 48*g - 2104. Determine s(76).
24
Let n(k) = -3*k - 121. Determine n(-29).
-34
Let w(a) = 2*a**2 + 36*a + 183. What is w(-7)?
29
Let z(j) = 67*j + 60. What is z(0)?
60
Let m(o) = -36*o + 979. Determine m(27).
7
Let z(r) = 7*r**2 - 719*r - 207. What is z(103)?
-1
Let d(w) = -w**2 - 215*w - 629. Calculate d(-3).
7
Let m(f) = 4*f**3 - f**2 + 4*f - 18. Give m(-5).
-563
Let j(s) = s**3 - 11*s**2 - 27*s - 10. Determine j(13).
-23
Let j(b) = 16*b**2 + 1099*b - 344. Calculate j(-69).
1
Let k(x) = -1204*x + 101140. What is k(84)?
4
Let q(f) = 844*f**2 + 1711*f + 4. Calculate q(-2).
-42
Let m(v) = 133*v - 500. Give m(4).
32
Let j(w) = 4*w - 36. Give j(5).
-16
Let m(r) = r**2 + 53*r + 262. Give m(-24).
-434
Let x(o) = -17*o - 822. Give x(-52).
62
Let q(a) = a**3 + 37*a**2 - 6*a + 2809. Give q(-39).
1
Let j(w) = -3*w**2 - 61*w + 33. What is j(-21)?
-9
Let l(m) = m**3 - 60*m**2 + 10*m - 554. Calculate l(60).
46
Let y(h) = 7*h**3 - 88*h**2 - 37*h - 58. Give y(13).
-32
Let g(x) = -3*x**2 - 350*x - 245. Determine g(-116).
-13
Let h(v) = -23*v - 410. What is h(-17)?
-19
Let l(y) = -73*y - 809. What is l(-11)?
-6
Let w(b) = 2*b**3 + 9*b**2 - 26*b + 3. What is w(6)?
603
Let p(s) = 4*s + 56. Give p(28).
168
Let v(g) = g**2 - 11*g + 60. Determine v(4).
32
Let s(x) = 26*x + 233. What is s(-23)?
-365
Let n(a) = 24*a**2 - 74*a + 310. Determine n(6).
730
Let p(b) = -2*b**3 + 226*b**2 - 226*b + 223. Determine p(112).
-1
Let i(h) = -9*h**2 - 4*h - 2. Give i(-6).
-302
Let r(n) = -13*n**3 - 6*n**2 - n + 5. What is r(-2)?
87
Let i(z) = 2*z**3 - 79*z**2 + 7*z - 1895. Calculate i(40).
-15
Let x(b) = b**2 - 6*b - 5. Determine x(9).
22
Let b(k) = -k**3 + 10*k**2 - 55*k + 187. Determine b(7).
-51
Let k(g) = -9*g**2 + 815*g + 12590. Calculate k(104).
6
Let l(h) = -h**3 + 21*h**2 - 17*h + 14. What is l(20)?
74
Let z(t) = -4*t - 44. Determine z(-15).
16
Let d(u) = -47*u + 14. What is d(8)?
-362
Let g(l) = 6*l**3 + 219*l**2 - 583*l - 37. Give g(-39).
-115
Let l(b) = b**3 + 112*b**2 - 110*b + 347. Give l(-113).
8
Let b(l) = -38*l + 225. What is b(6)?
-3
Let n(x) = -29*x**2 + 256*x + 41. Calculate n(9).
-4
Let l(b) = 21*b - 1272. Determine l(65).
93
Let i(b) = -b**3 - 12*b**2 + 36*b + 164. What is i(-13)?
-135
Let k(g) = -g**3 - 21*g**2 - 69*g - 593. Give k(-19).
-4
Let r(d) = d**2 - 6*d + 122. Calculate r(10).
162
Let q(p) = -274*p + 1671. Calculate q(6).
27
Let h(o) = -o**3 - 84*o**2 - 80*o + 151. Give h(-83).
-98
Let h(d) = -7*d**3 - 17*d**2 + 32*d + 33. Give h(-4).
81
Let n(j) = -2*j**2 + 38*j - 142. Determine n(8).
34
Let l(n) = -2*n**2 - 140*n + 437. What is l(-73)?
-1
Let a(k) = 8721*k - 148264. Give a(17).
-7
Let h(n) = 37*n + 416. Determine h(-11).
9
Let o(s) = 6*s - 93. What is o(16)?
3
Let t(k) = -161*k**2 - k + 87. Determine t(0).
87
Let m(j) = -2*j**3 + 12*j**2 + 21*j - 91. What is m(6)?
35
Let o(h) = 674*h + 4716. Calculate o(-7).
-2
Let s(y) = y**3 + 22*y**2 - 28*y - 103. Calculate s(-23).
12
Let j(b) = 3*b**2 - 574*b - 398. Give j(192).
-14
Let d(f) = 76*f + 466. Calculate d(-6).
10
Let z(d) = d**2 - 6*d - 156. Give z(15).
-21
Let c(h) = h**2 + 9*h + 10. What is c(-2)?
-4
Let h(z) = 67*z**2 + 4*z - 7. What is h(2)?
269
Let l(z) = -35*z - 2293. Determine l(-67).
52
Let j(w) = w**3 + 75*w**2 - 85*w - 516. Calculate j(-76).
168
Let t(x) = -x**3 + 40*x**2 + 693*x - 216. What is t(53)?
-4
Let p(g) = g**3 + 20*g**2 - 76*g - 677. Give p(-22).
27
Let a(u) = -u**3 + 45*u**2 + 442*u + 152. Calculate a(-8).
8
Let c(p) = 2058*p + 9. Calculate c(0).
9
Let m(r) = -r**3 - 19*r**2 + 52*r + 248. Give m(-21).
38
Let t(s) = -102*s + 814. Give t(7).
100
Let i(b) = -245*b + 1607. Determine i(7).
-108
Let w(f) = 68*f + 8391. Determine w(-123).
27
Let d(i) = i**3 - 13*i**2 - 12*i - 110. What is d(13)?
-266
Let c(d) = 6*d**2 + 40*d + 48. Calculate c(-8).
112
Let b(g) = -87*g + 457. Determine b(5).
22
Let i(v) = 4*v - 174. Calculate i(0).
-174
Let l(s) = -s**3 - 45*s**2 - 413*s + 29. Determine l(-13).
-10
Let j(a) = 27*a**2 - 6*a - 4. Determine j(-1).
29
Let x(z) = z**3 + 26*z**2 + 3*z - 55. What is x(-26)?
-133
Let r(n) = 2*n**2 - 53*n + 423. Calculate r(17).
100
Let c(w) = 3*w**2 + 513*w + 3476. Calculate c(-7).
32
Let y(i) = -i**2 - 21*i - 20. Give y(-23).
-66
Let u(r) = 4*r**2 + 70*r - 35. Determine u(-18).
1
Let i(m) = -2*m**3 - 172*m**2 + 174*m - 16. Determine i(-87).
-16
Let x(a) = a**3 - 33*a**2 + 117*a - 23. Calculate x(29).
6
Let b(j) = 2*j**3 - 212*j**2 + 234*j - 2535. Determine b(105).
-15
Let p(a) = 4*a**3 - 657*a**2 + 103*a + 10018. Calculate p(164).
14
Let b(k) = k**3 + 82*k**2 - 84*k - 102. What is b(-83)?
-19
Let z(m) = 55*m - 393. What is z(13)?
322
Let s(p) = p**3 + 19*p**2 - 33*p + 52. What is s(-17)?
1191
Let g(b) = -b**3 - 17*b**2 - 11*b + 102. Give g(-17).
289
Let r(d) = -d**3 + 13*d**2 - d - 114. Calculate r(12).
18
Let i(b) = 25*b - 206. Calculate i(8).
-6
Let m(k) = -2*k**3 - 80*k**2 + 259*k + 20. Give m(-43).
-23
Let l(a) = 128*a - 344. Give l(3).
40
Let s(g) = -2*g**2 - 376*g - 2254. Give s(-6).
-70
Let c(h) = 2*h**2 - 116*h + 798. Calculate c(50).
-2
Let i(o) = 4*o**2 + 27*o + 38. What is i(-4)?
-6
Let s(o) = o**2 - 46*o - 683. What is s(-11)?
-56
Let j(p) = 6*p**2 - 4*p - 57. What is j(-6)?
183
Let g(z) = -18*z**2 + 25*z + 114. Calculate g(-2).
-8
Let i(p) = p**2 - 54*p + 312. Calculate i(37).
-317
Let u(s) = 2*s**2 - 45*s - 64. Calculate u(23).
-41
Let h(b) = -8*b**2 - 610*b - 3063. Determine h(-5).
-213
Let y(w) = 2*w**2 - 123*w - 5808. Calculate y(92).
-196
Let t(v) = -241*v + 976. Determine t(4).
12
Let k(y) = y**3 + 18*y**2 + 68*y + 336. What is k(-15)?
-9
Let j(p) = -4*p**2 - 32*p - 66. Give j(-4).
-2
Let v(a) = 3*a - 75. Calculate v(3).
-66
Let k(g) = -g**2 - 34*g - 54. Give k(-30).
66
Let k(y) = 1207*y - 3637. Give k(3).
-16
Let o(h) = 86*h - 170. Calculate o(3).
88
Let n(s) = -3*s**3 - 5*s**2 + 26*s - 2. What is n(3)?
-50
Let l(p) = p**3 - 24*p**2 - 24*p + 32. Determine l(25).
57
Let z(n) = 35*n**2 - 50*n - 1. Calculate z(3).
164
Let y(z) = z**2 + 11*z + 12. Determine y(-8).
-12
Let m(z) = -z**3 - 137*z**2 - 626*z + 4483. Calculate m(-132).
-5
Let s(c) = 4*c**2 - 323*c - 972. What is s(-3)?
33
Let w(t) = -271*t - 5960. What is w(-22)?
2
Let f(v) = -v**3 - 14*v**2 + 35*v + 720. Determine f(-9).
0
Let j(y) = 59*y + 831. Determine j(-14).
5
Let b(j) = 156*j**2 + 22*j + 53. Give b(-2).
633
Let v(x) = -605*x + 7886. Determine v(13).
21
Let v(g) = -3*g**2 + 91*g - 219. What is v(22)?
331
Let a(z) = -3363*z + 13458. Give a(4).
6
Let t(r) = 362*r + 3157. Determine t(-9).
-101
Let n(y) = 16*y**2 - 386*y + 26. Calculate n(24).
-22
Let p(i) = -9*i**2 - 269*i - 1571. Determine p(-8).
5
Let g(m) = 3*m**3 - 46*m**2 + 50*m - 4. Give g(1).
3
Let d(f) = -f**3 - 9*f**2 - 23*f - 23. Give d(-5).
-8
Let s(y) = 30*y - 148. Calculate s(-1).
-178
Let a(c) = -1808*c - 23506. What is a(-13)?
-2
Let w(d) = 66*d + 667. Give w(-11).
-59
Let s(d) = -d**3 + 10*d**2 + 2*d - 7. Determine s(8).
137
Let v(p) = 74*p + 1552. Determine v(-21).
-2
Let n(x) = 5*x**2 + 107*x + 30. Determine n(